 = 5*z**2 - 19*z - 79. What is the units digit of d(-18)?
3
Let l(j) = 2*j**2 - 13*j + 59. Let a be l(14). Let k = a - 89. What is the hundreds digit of k?
1
Let a(c) = -c**3 + c**2 + 29*c + 5. Let k be a(7). Let h = k + 78. What is the tens digit of h/(-40) - 642/(-15)?
4
Let o(b) = 2*b - 56. Let s be o(28). Suppose -2*f + 3*m = -1789, -m + s*m + 2656 = 3*f. What is the hundreds digit of f?
8
Let r(b) = -40*b + 2. Let j be r(5). Let s be (4/(-6))/(0 + 4/j). Suppose -a + 13 = -s. What is the units digit of a?
6
Let n(l) = -3*l**2 - 18*l - 3. Let s be n(-6). Let a be -3 - -6 - s/(-1). Suppose 3*i - 2*i - 8 = a. What is the units digit of i?
8
Suppose 0 = -2*l + 3*l - 10. Let a be (12/(-9))/(-2)*1215/270. Suppose a*t = -l*t + 767. What is the units digit of t?
9
Let g = 67 + 44. Let m = g - 108. Suppose m*u = 2*i + 106, u - 15 = i + 20. What is the units digit of u?
6
Suppose -s = 13*c - 11*c - 20011, -20004 = -2*c - 2*s. What is the thousands digit of c?
0
Let n = -1298 - -1917. Let s = 644 - n. What is the units digit of s?
5
Suppose 4*u = -4*d + 2584, -d - 4*d + u + 3242 = 0. Suppose 4*f - 5*f + d = 0. Suppose -6*s - 2*s + f = 0. What is the tens digit of s?
8
Let s(p) = 18*p - 52. Let d be s(3). Suppose -g + 290 = d*g - 4*r, -4*g + 366 = 5*r. What is the tens digit of g?
9
Suppose j + 83 = -558. Let u = -340 - j. Suppose 3*o + 10 = u. What is the tens digit of o?
9
Let w(t) = -9*t**2 + 9*t - 3. Let c be w(-5). Let b = 107 + c. Let j = 244 + b. What is the tens digit of j?
7
Suppose -11*y - 5331 + 5925 = 0. What is the tens digit of y?
5
Let g = -616 - -1086. Suppose 2*d - 456 - g = 0. What is the tens digit of d?
6
Suppose -330*r + 326*r - 55776 = -4*q, 5*r - 69750 = -5*q. What is the ten thousands digit of q?
1
Let q(k) = -18780*k**3 - 12*k**2 - 12*k - 3. What is the thousands digit of q(-1)?
8
Let c be (6*1)/((-21)/(-14)). Suppose c*h - 5298 = -1150. Suppose -10*i = -h - 273. What is the units digit of i?
1
Suppose 0 = -80*n + 78*n + 29596 - 4492. What is the tens digit of n?
5
Let r be 6/(-8) - (-13)/(-4). Let b be (r/3)/(5/15). What is the units digit of ((-3)/1 - b)*-2 + 151?
9
Let q be -8 - (-3 - 1) - (-9 + 2). Suppose -4*k = b - 2 - q, -3*k + 1 = -2*b. What is the hundreds digit of (54/(-4) - -2)/(b/(-10))?
1
Suppose -11507 + 1380 = -26*o + 10751. What is the hundreds digit of o?
8
Let w(r) = -6*r + r**2 + 6*r - 13*r - 29. Let o be (-1 + 0 - (1 - 2)) + 15. What is the units digit of w(o)?
1
Let h(v) = 7*v - 20. Let a be h(-13). Let u = a - -249. Suppose -9*p = -3*p - u. What is the tens digit of p?
2
Let l(q) = -23*q**3 - 5*q**2 + 6*q + 3. Let z be l(2). What is the units digit of (-16728)/(-21) + (-81)/z?
7
Suppose -2*z + 55 = 3*z. Let c(b) = 4*b**2 + 2 + z*b - 5 + 11. What is the tens digit of c(-4)?
2
What is the thousands digit of -3 - (64/96 - 2/(-12)*-33622)?
5
Let g(c) = 2*c**2 + 10*c - 15. Let b be g(-6). Let i(t) = -10*t**3 + 2*t**2 + 7*t + 3. Let u be i(b). Suppose -u - 490 = -5*l. What is the units digit of l?
2
Suppose 3*c - 4706 = -4*y, c - 2095 = -4*y - 513. What is the thousands digit of c?
1
Suppose -244942 = -4*o - u - 24919, 3*o = -2*u + 165026. What is the units digit of o?
4
Let h be (-30)/135 + 29058/27. Suppose 0 = -4*a - 0*a + u + h, -4*a = -4*u - 1064. What is the units digit of a?
0
What is the thousands digit of 2 + 2 - 6 - -1264?
1
Suppose 3*t = 4*d + 6*t - 1568, 5*t = 0. Let k = d - 121. What is the units digit of k?
1
Let q(m) = -m**3 - 7*m**2 + 4*m - 13. Suppose 122 - 546 = -2*b. Let n be 6/39 + b/(-26). What is the units digit of q(n)?
9
Let m(y) be the first derivative of y**5/3 - y**4/6 + 5*y**3/6 - 3*y**2/2 - 23. Let u(p) be the second derivative of m(p). What is the hundreds digit of u(3)?
1
Let o(n) = n**3 + n. Let d(j) = 3*j**3 + 2*j**2 - 9*j + 5. Let m(g) = -d(g) + 4*o(g). Let l be m(5). Suppose 5*x - l = -50. What is the units digit of x?
7
Let n = 11016 - 10290. What is the hundreds digit of n?
7
Suppose 55*i - 327295 = 4*i - 16*i. What is the hundreds digit of i?
8
Let j(m) = 17 - 11*m**2 - 17*m**2 - m**3 + 14*m**2 - 33 + 25. Let x(u) = -16*u**3 + u**2 + u - 1. Let r be x(1). What is the hundreds digit of j(r)?
2
Suppose -14*g = -40*g + 23504. Let c = -279 + g. What is the units digit of c?
5
Let x(f) = 49*f - 21. Let a be x(8). What is the hundreds digit of -2 + a - (3 - 9/3)?
3
Suppose -5*h + 44 = 3*r, h - 5*r - 14 = 6. Let k = 258 + h. What is the hundreds digit of k?
2
Let z(l) = -39*l**2 - 10*l + 3. Let h(r) = 38*r**2 + 11*r - 4. Let w(i) = -5*h(i) - 6*z(i). What is the hundreds digit of w(-3)?
3
Suppose 0 = 3*x - 7*x + 3*k + 61, -20 = -x - 4*k. Suppose x*j - 32683 = -13*j. What is the hundreds digit of j?
1
Suppose -4*v - 2*u = -37772, -16*v - 18896 = -18*v - 6*u. What is the tens digit of v?
4
What is the hundreds digit of (-31372)/(-88)*((-2)/(-2) + 13)?
9
Let t(j) = 28*j + 37. Let b be t(3). Suppose 10*r - b - 4919 = 0. What is the units digit of r?
4
Suppose -2*w - 45609 = -11*j, -5*j - 3916 = w - 24634. What is the hundreds digit of j?
1
Suppose 23*x - 153146 - 46816 = 0. What is the thousands digit of x?
8
Let b(j) = 20*j**2 - 9*j - 47. Let v be b(-4). Let x = 736 - v. What is the hundreds digit of x?
4
What is the hundreds digit of -35*(31570/11)/(-10)?
0
Suppose -5*j = 4*f - 19, -5*f - j + 4*j + 33 = 0. Suppose 8 = 2*q, 2429 = -f*p + 11*p + q. What is the tens digit of (-2 - 1)/(p/125 - 4)?
2
Let y(b) be the first derivative of 5*b**3/3 + b**2/2 + 17*b - 7. What is the hundreds digit of y(6)?
2
Let r be (-4)/(-6) + -1 - 19/(-3). Let i be (r/(-3))/(2*5/(-8020)). What is the units digit of (-6)/(-39) - i/(-52)?
1
Suppose u = 8*u + 28. Let v be -8*(u + 1 - -14). What is the units digit of ((-99)/(-22))/((-6)/v)?
6
Suppose 5*s + 121 = 2*n - 135, -5*s = 5*n - 675. Let a = -56 + n. What is the units digit of a?
7
Let n(t) = 2*t**3 + 191*t**2 - 204*t - 11. What is the hundreds digit of n(-96)?
3
Let s = -38621 + 67228. What is the units digit of s?
7
Suppose 0 = 7*h - 140 - 21. Let z(b) = -4*b + 9 + 30*b**2 - h + 15. What is the hundreds digit of z(-2)?
1
Suppose -19*i + 4*y - 24 = -21*i, -i + 5*y - 16 = 0. Suppose 0 = -x - i*h + 1350, -7*x - 3*h = -8*x + 1315. What is the thousands digit of x?
1
Suppose 8*d - 23886 = 7818. Suppose 5*u - d = 562. What is the units digit of u?
5
Let l be ((-11)/22*15)/(6/(-4)). Let v(j) = j + 3. Let d be v(2). Suppose -q + l*w = -54, -2*q + d*w + 52 = -41. What is the units digit of q?
9
Let a(o) = 104*o**2 - 59*o + 467. What is the thousands digit of a(9)?
8
Let w = 4628 + 2796. What is the hundreds digit of w?
4
Let h(z) = 2*z**2 + 16*z - 18. Let x be h(-9). What is the hundreds digit of 15236/208*(x - -4)?
2
Let q(b) = b**3 + 6*b**2 + 8*b + 13. Let v be (1 - 6)*(1 + 0). Let h be q(v). Let c(z) = -21*z - 3. What is the tens digit of c(h)?
3
Let o(u) = -u**2 - 22*u + 16. Let b be o(-20). Suppose -b*s = -51*s + 805. Let k = -59 - s. What is the hundreds digit of k?
1
Let i(v) = 86*v**3 + 10*v**2 + 40*v - 573. What is the units digit of i(7)?
5
Let w = -71 - -67. Let t be (w + 4)/(-2 - 3). Suppose t*k - 126 = -3*k. What is the tens digit of k?
4
Suppose -a + 80*k = 76*k - 66509, -2*a + 133022 = -4*k. What is the hundreds digit of a?
5
Let b be 21/60*15 + 2/(-8). Suppose -b = k - 9. What is the units digit of k?
4
Let l = 15 - 11. Let b(r) = -6*r - 1. Let q(a) = 2*a - 26. Let v(x) = -3*b(x) + q(x). What is the units digit of v(l)?
7
Let k be ((-1942)/16 + (-75)/(-200))*-3. Let i = 116 + k. What is the hundreds digit of i?
4
Let v(f) = 3*f**2 + 16*f - 4. Let b be v(-5). What is the tens digit of ((-4)/10)/(b/4680)?
0
Suppose 6*k + 11*k = -74*k + 3021018. What is the units digit of k?
8
Suppose -3*t + 3*w - 21 = 0, 5*t - 16*w + 18*w = -49. What is the units digit of (-240)/t*(3 - (-96)/8)?
0
What is the units digit of ((-17)/(20 - 3))/(1/(-73))*92?
6
Let y = 7464 + -1600. What is the hundreds digit of y?
8
Let s(x) = -x**3 - x**2 - 3*x - 5. Let j be s(-2). Let l(r) = 27*r**2 - r**3 - j + 7*r - 34*r - 14*r. What is the units digit of l(25)?
0
Suppose 69*p = 157*p - 2435400. What is the tens digit of p?
7
What is the tens digit of 9798/10*(58 - 8)?
9
Let k(r) = -13*r**2 - 42*r - 2. Let u be k(-12). Let i = 2772 + u. What is the hundreds digit of i?
4
Suppo